730.
3870
What is the highest common divisor of 78837160 and 1955?
85
What is the highest common divisor of 23 and 596098866?
23
Calculate the greatest common factor of 8240 and 660745.
515
What is the highest common factor of 252434 and 169?
13
Calculate the highest common divisor of 1037624 and 1666.
98
Calculate the highest common factor of 5771576 and 793.
61
What is the highest common factor of 734 and 7308805?
367
What is the highest common divisor of 4826 and 15540736?
254
What is the highest common divisor of 2955579 and 77?
11
Calculate the greatest common divisor of 13429 and 3720866.
1033
Calculate the greatest common divisor of 106223 and 39.
13
Calculate the greatest common divisor of 3963535 and 365.
365
What is the greatest common factor of 429 and 5748210?
39
What is the highest common factor of 10589800 and 250?
50
What is the highest common factor of 25340 and 64820?
140
What is the highest common factor of 355288729 and 7582?
3791
Calculate the greatest common factor of 450 and 42279585.
15
What is the highest common factor of 50 and 42540490?
10
What is the highest common divisor of 11363982 and 882?
294
What is the greatest common factor of 10709575 and 183625?
2825
What is the greatest common factor of 5 and 10865515?
5
Calculate the greatest common divisor of 499596 and 4148.
68
Calculate the highest common factor of 162 and 369150210.
162
Calculate the greatest common factor of 15181284 and 4035.
807
Calculate the greatest common divisor of 4095 and 20864970.
315
Calculate the greatest common factor of 81400 and 502016.
296
Calculate the highest common divisor of 270 and 92509290.
270
Calculate the greatest common divisor of 56055 and 93795.
555
Calculate the greatest common divisor of 9802435 and 60233.
1943
What is the highest common factor of 2836 and 2609829?
709
What is the highest common factor of 237409672 and 1371?
457
Calculate the greatest common divisor of 445077 and 9477.
9
What is the greatest common divisor of 961 and 3749047?
31
What is the greatest common divisor of 22 and 2889986?
22
Calculate the highest common divisor of 93225 and 10225.
25
What is the highest common divisor of 558154 and 13261?
149
Calculate the highest common divisor of 1105678 and 70.
14
What is the greatest common divisor of 1536 and 80832?
192
What is the highest common divisor of 124 and 186494326?
62
What is the greatest common factor of 239 and 4627040?
239
What is the greatest common factor of 80997 and 5852?
133
What is the greatest common divisor of 2352 and 147209328?
2352
What is the greatest common divisor of 29977 and 64170?
31
Calculate the greatest common factor of 50 and 2855210.
10
Calculate the greatest common divisor of 8262 and 151198.
34
Calculate the highest common divisor of 2558171 and 3311.
77
Calculate the highest common divisor of 431725 and 13125.
175
What is the highest common factor of 99105397 and 40802?
887
Calculate the highest common divisor of 110712 and 105630.
42
What is the greatest common divisor of 506555 and 100605?
1765
Calculate the highest common factor of 24 and 37203096.
24
Calculate the highest common factor of 504447 and 28779.
543
Calculate the highest common factor of 71456 and 21957089.
2233
What is the greatest common factor of 50382 and 4224313?
311
What is the greatest common factor of 15666 and 102504?
6
Calculate the highest common factor of 289 and 4529208.
289
What is the highest common divisor of 26829 and 9387711?
2439
What is the greatest common divisor of 1458 and 2926146?
6
Calculate the greatest common divisor of 7601471 and 218539.
2633
What is the greatest common factor of 7575117 and 528?
33
Calculate the greatest common divisor of 75 and 1317795.
15
Calculate the highest common divisor of 63455 and 4736.
37
What is the highest common divisor of 109 and 211205485?
109
What is the highest common divisor of 79681325 and 1825?
1825
What is the highest common divisor of 494 and 6007116?
38
Calculate the highest common divisor of 185701230 and 1842.
1842
Calculate the highest common factor of 60003671 and 226187.
1781
What is the highest common divisor of 14268 and 550295358?
7134
What is the greatest common factor of 5125 and 2300510?
205
What is the greatest common divisor of 420 and 693168?
84
Calculate the highest common factor of 16 and 71348272.
16
What is the highest common factor of 942972 and 1090476?
5268
Calculate the highest common divisor of 241 and 3849011.
241
What is the highest common factor of 66902 and 59065343?
3041
What is the highest common divisor of 5066 and 3996776?
298
Calculate the highest common factor of 9588592 and 156.
52
Calculate the highest common factor of 676242295 and 6055.
865
What is the greatest common divisor of 10336736 and 49769?
317
Calculate the highest common factor of 5440 and 660288.
64
What is the greatest common divisor of 4080 and 35611770?
510
What is the greatest common divisor of 21914272 and 3968?
992
What is the highest common divisor of 910 and 63350?
70
Calculate the greatest common divisor of 104 and 648018488.
104
Calculate the greatest common divisor of 350 and 30749775.
175
Calculate the greatest common factor of 57 and 705261.
57
What is the highest common divisor of 82052 and 273694?
562
What is the greatest common factor of 2320230 and 13746?
474
What is the greatest common divisor of 40 and 8226440?
40
What is the greatest common factor of 440 and 2505504?
8
What is the highest common divisor of 1460733 and 795?
159
Calculate the greatest common factor of 27637359 and 1651.
127
Calculate the highest common factor of 11 and 576906121.
11
What is the greatest common factor of 45 and 384565?
5
What is the greatest common divisor of 1209 and 276303?
93
Calculate the highest common divisor of 5852 and 56484568.
532
Calculate the greatest common divisor of 180816 and 146540067.
11301
Calculate the highest common factor of 490257 and 6843529.
2867
Calculate the greatest common divisor of 69 and 49756429.
23
Calculate the greatest common factor of 980358247 and 1409.
1409
What is the highest common factor of 239 and 4174287004?
239
Calculate the highest common factor of 204 and 2312502.
6
What is the greatest common divisor of 249 and 17240843?
83
What is the greatest common factor of 635 and 213214585?
635
Calculate the greatest common divisor of 209 and 111050467.
11
What is the highest common factor of 411 and 134371929?
411
Calculate the highest common factor of 126 and 5307764.
14
Calculate the highest common divisor of 754 and 138172008.
754
Calculate the highest common divisor of 3483 and 295109559.
387
Calculate the greatest common divisor of 1268660 and 245422.
554
Calculate the highest common divisor of 7 and 57308106.
1
Calculate the greatest common factor of 567078 and 75.
3
What is the greatest common divisor of 16590 and 101130?
30
Calculate the highest common divisor of 600 and 145015575.
75
What is the greatest common divisor of 208 and 103504?
16
What is the greatest common factor of 39419456 and 576?
64
What is the highest common factor of 10910839 and 18448?
1153
What is the highest common factor of 472 and 3874884?
236
Calculate the greatest common factor of 100348193 and 10263.
3421
Calculate the greatest common factor of 241 and 17282833.
241
What is the greatest common divisor of 984 and 6696?
24
Calculate the greatest common divisor of 68664753 and 1458.
243
Calculate the greatest common factor of 48 and 8532928.
16
What is the greatest common divisor of 413938 and 532?
14
Calculate the highest common factor of 6899605 and 17368.
167
Calculate the greatest common divisor of 49968 and 4500.
36
Calculate the greatest common divisor of 2302 and 32057652.
2302
What is the highest common divisor of 18010259 and 799?
799
Calculate the greatest common factor of 5956 and 260639027.
1489
What is the highest common divisor of 631763 and 1738?
869
What is the greatest common divisor of 1763 and 224593859?
1763
Calculate the greatest common divisor of 96 and 12971424.
96
What is the highest common divisor of 75208 and 117484297?
9401
Calculate the greatest common divisor of 315 and 743094765.
315
Calculate the greatest common divisor of 19860 and 9030.
30
Calculate the greatest common divisor of 32